{"id":3,"date":"2025-04-01T20:59:51","date_gmt":"2025-04-01T18:59:51","guid":{"rendered":"http:\/\/localhost\/?page_id=3"},"modified":"2026-04-21T21:29:22","modified_gmt":"2026-04-21T19:29:22","slug":"datenschutzerklaerung","status":"publish","type":"page","link":"https:\/\/artenvielfalt-overath.de\/index.php\/datenschutzerklaerung\/","title":{"rendered":"Datenschutzerkl\u00e4rung"},"content":{"rendered":"\n<h1 class=\"wp-block-heading\"><strong>Datenschutzerkl\u00e4rung<\/strong><\/h1>\n\n\n\n<figure class=\"wp-block-image size-large\"><img loading=\"lazy\" decoding=\"async\" width=\"1024\" height=\"328\" src=\"https:\/\/artenvielfalt-overath.de\/wp-content\/uploads\/2025\/04\/schnecken-scaled-e1746728144313-1024x328.jpg\" alt=\"\" class=\"wp-image-166\" srcset=\"https:\/\/artenvielfalt-overath.de\/wp-content\/uploads\/2025\/04\/schnecken-scaled-e1746728144313-1024x328.jpg 1024w, https:\/\/artenvielfalt-overath.de\/wp-content\/uploads\/2025\/04\/schnecken-scaled-e1746728144313-300x96.jpg 300w, https:\/\/artenvielfalt-overath.de\/wp-content\/uploads\/2025\/04\/schnecken-scaled-e1746728144313-768x246.jpg 768w, https:\/\/artenvielfalt-overath.de\/wp-content\/uploads\/2025\/04\/schnecken-scaled-e1746728144313-1536x492.jpg 1536w, https:\/\/artenvielfalt-overath.de\/wp-content\/uploads\/2025\/04\/schnecken-scaled-e1746728144313-2048x656.jpg 2048w\" sizes=\"auto, (max-width: 1024px) 100vw, 1024px\" \/><\/figure>\n\n\n\n<h2 class=\"wp-block-heading\">Verantwortlich f\u00fcr den Datenschutz<\/h2>\n\n\n\n<p>Verantwortlich f\u00fcr den Datenschutz auf dieser Internetpr\u00e4senz ist\u00a0<br>Ulrike Sandmann.<br>Katzemicher Stra\u00dfe 45<\/p>\n\n\n\n<p>51491 Overath<br><\/p>\n\n\n\n<p>Telefon: 02204-71223<br>E-mail:&nbsp;<a href=\"mailto:netzwerk@artenvielfalt-overath.de\">netzwerk@artenvielfalt-overath.de<\/a><\/p>\n\n\n\n<p><\/p>\n\n\n\n<h2 class=\"wp-block-heading\"><\/h2>\n\n\n\n<h2 class=\"wp-block-heading\">F\u00fcr Beschwerden zust\u00e4ndige Datenschutzaufsichtsbeh\u00f6rde<\/h2>\n\n\n\n<p>Die zust\u00e4ndige Landesbeh\u00f6rde ist die\/der Landesbeauftragte f\u00fcr Datenschutz und Informationsfreiheit Nordrhein-Westfalen<\/p>\n\n\n\n<p>(<a href=\"http:\/\/www.ldi.nrw.de\/\">www.ldi.nrw.de<\/a>).<\/p>\n\n\n\n<h2 class=\"wp-block-heading\">&nbsp;<\/h2>\n\n\n\n<h2 class=\"wp-block-heading\">(Anonyme) Datenerhebung.<\/h2>\n\n\n\n<p>Sie k\u00f6nnen die vorliegenden Webseiten grunds\u00e4tzlich besuchen, ohne uns mitzuteilen, wer Sie sind.<\/p>\n\n\n\n<h2 class=\"wp-block-heading\"><\/h2>\n\n\n\n<h2 class=\"wp-block-heading\">Automatisch \u00fcbermittelte Informationen.<\/h2>\n\n\n\n<p>Wenn Sie auf dem Endger\u00e4t (PC, Mac, Tablet, Smartphone etc.), von dem aus Sie auf unsere Webseiten zugreifen, nichts Grundlegendes ge\u00e4ndert haben, \u00fcbermittelt dieses Ger\u00e4t bei dem Zugriff auf die Seiten aber automatisch folgende Informationen:<\/p>\n\n\n\n<ul class=\"wp-block-list\">\n<li>Browsertyp und Browserversion,<\/li>\n\n\n\n<li>verwendetes Betriebssystem,<\/li>\n\n\n\n<li>Referrer URL (= die Adresse der Webseite, von der aus Sie auf unsere Seite gekommen sind),<\/li>\n\n\n\n<li>Hostname des zugreifenden Rechners (= der Name Ihres Endger\u00e4tes),<\/li>\n\n\n\n<li>Uhrzeit der Serveranfrage,<\/li>\n\n\n\n<li>IP-Adresse.<\/li>\n<\/ul>\n\n\n\n<p>Gegen die \u00dcbermittlung dieser Information kann sich kein Webseitenbetreiber wehren.<\/p>\n\n\n\n<h2 class=\"wp-block-heading\"><\/h2>\n\n\n\n<h2 class=\"wp-block-heading\">Sie k\u00f6nnen selbst anonymisieren. Nicht nur hier.<\/h2>\n\n\n\n<p>Sie selbst k\u00f6nnen dies allerdings zumindest teilweise verhindern, indem Sie entweder \u00fcber einen Anonymisierungsdienst surfen (z.B.&nbsp;<a href=\"https:\/\/www.torproject.org\/index.html.en\" target=\"_blank\" rel=\"noreferrer noopener\">TOR<\/a>) oder indem Sie einen Dienst wie&nbsp;<a href=\"https:\/\/www.startpage.com\/\" target=\"_blank\" rel=\"noreferrer noopener\">startpage.com<\/a>&nbsp;zur Suche nutzen und bei den Suchergebnissen die Funktion &#8222;anonym \u00f6ffen&#8220; w\u00e4hlen.<\/p>\n\n\n\n<p>Dann werden zwar immer noch Informationen \u00fcbertragen, diese sind aber in wesentlichen Teilen so verfremdet (z.B. durch eine v\u00f6llig ver\u00e4nderte IP-Adresse), dass schon Ihr Anschluss nur unter sehr unwahrscheinlichen Umst\u00e4nden identifiziert werden kann.<\/p>\n\n\n\n<h2 class=\"wp-block-heading\"><\/h2>\n\n\n\n<h2 class=\"wp-block-heading\">7 Tage Speicherung. Ggf. etwas Statistik. Dann L\u00f6schung.<\/h2>\n\n\n\n<p>Die \u00fcbermittelten Informationen werden&nbsp;<strong>f\u00fcr 7 Tage gespeichert und dann gel\u00f6scht<\/strong>. Diese (zeitlich begrenzte) Speicherung hat den Zweck, statistische Auswertungen zu erm\u00f6glichen.<\/p>\n\n\n\n<h2 class=\"wp-block-heading\"><\/h2>\n\n\n\n<h2 class=\"wp-block-heading\">Session-Cookie: Sofortige L\u00f6schung nach Besuchsende.<\/h2>\n\n\n\n<p>Au\u00dferdem verwenden unsere Seiten ein sog. \u201cSession-Cookie\u201d. Das dient dazu, die von Ihnen besuchten Seiten unserer Webpr\u00e4senz zu registrieren. Das Cookie wird&nbsp;<strong>nach Ende Ihres Besuchs (Ihrer Session) automatisch sofort gel\u00f6scht<\/strong>.<\/p>\n\n\n\n<h2 class=\"wp-block-heading\"><\/h2>\n\n\n\n<h2 class=\"wp-block-heading\">Grunds\u00e4tzlich Anonymit\u00e4t.<\/h2>\n\n\n\n<p>Sie bleiben als einzelner Nutzer grunds\u00e4tzlich anonym.<\/p>\n\n\n\n<p>Die \u00dcbermittlung einer &#8211; korrekten &#8211; IP-Adresse kann zwar zumindest einen&nbsp;<strong>Anschluss&nbsp;<\/strong>identifizierbar machen, und die \u00dcbermittlung des Hostnamens vom zugreifenden Rechner macht auch ein&nbsp;<strong>Endger\u00e4t<\/strong>&nbsp;hinter diesem Anschluss identifizierbar. Welche individuelle&nbsp;<strong>Person<\/strong>&nbsp;das Endger\u00e4t aber bedient, ist daraus nicht erkennbar.<\/p>\n\n\n\n<h2 class=\"wp-block-heading\"><\/h2>\n\n\n\n<h2 class=\"wp-block-heading\">Links f\u00fcr Kontaktdaten, Maps und Sonstiges.<\/h2>\n\n\n\n<p>An einigen Stellen erm\u00f6glichen wir es durch einen&nbsp;<strong>Link<\/strong>, dass Sie uns eine&nbsp;<strong>Email schreiben&nbsp;<\/strong>k\u00f6nnen. Die Daten, die Sie dann eingeben, werden nur auf Ihrem eigenen Endger\u00e4t mit Ihrem eigenen Mailprogramm erfasst. Wir verwenden kein Webformular. Unsere Webpr\u00e4senz bekommt von diesen Daten nichts mit.<\/p>\n\n\n\n<p>Wenn Sie einen&nbsp;<strong>ortsbezogenen Link&nbsp;<\/strong>(zu z.B. google maps) anklicken, \u00f6ffnet sich die entsprechende Webseite. Von unserer Webpr\u00e4senz werden dabei keine Informationen an die sich \u00f6ffnende Seite weitergegeben. (Das besorgt Ihr Browser dann schon ganz allein, s.o. unter &#8222;Automatisch \u00fcbermittelte Informationen&#8220;.)<\/p>\n\n\n\n<p>Das gilt letztlich auch f\u00fcr&nbsp;<strong>alle anderen Links<\/strong>, die wir gesetzt haben: Es werden dabei keine Informationen an die sich \u00f6ffnenden Seiten weitergegeben.<\/p>\n\n\n\n<hr class=\"wp-block-separator has-alpha-channel-opacity\"\/>\n\n\n\n<h2 class=\"wp-block-heading\">Rechte nach der Datenschutzgrundverordnung (DSGVO)&nbsp;<br>und dem Bundesdatenschutzgesetz<\/h2>\n\n\n\n<p>Rechtlich gibt es f\u00fcr denjenigen, dessen personenbezogene Daten verarbeitet werden (den sog. Betroffenen), noch diverse Rechte:<\/p>\n\n\n\n<ul class=\"wp-block-list\">\n<li>Recht auf Auskunft \u00fcber zu verarbeitende Daten (Art. 15 DSGVO, \u00a7 24 BDSG);<\/li>\n\n\n\n<li>Recht auf Berichtigung unrichtiger Daten (Art. 16 DSGVO);<\/li>\n\n\n\n<li>Recht auf L\u00f6schung, z.B. bei Wegfall des Zwecks (Art. 17 DSGVO, \u00a7 35 Abs. 1 und 3 BDSG);<\/li>\n\n\n\n<li>Recht auf eingeschr\u00e4nkte Verarbeitung, z.B. bei unrechtm\u00e4\u00dfiger Verarbeitung (Art. 18 DSGVO, \u00a7 35 Abs. 2 BDSG);<\/li>\n\n\n\n<li>Recht auf Herausgabe der Daten (Daten\u00fcbertragbarkeit, Art. 20 DSGVO),<\/li>\n\n\n\n<li>Recht auf Widerspruch gegen die Datenverarbeitung (Art. 21 DSGVO)Recht auf Widerruf einer Einwilligung zur Datenverarbeitung (Art. 7 Abs. 3 DSGVO).<\/li>\n<\/ul>\n\n\n\n<p>Wie gerade dargestellt werden hier aber nur die oben beschriebenen, technisch notwendigen Daten&nbsp;erfasst und nach k\u00fcrzestm\u00f6glicher Zeitspanne wieder gel\u00f6scht. Damit d\u00fcrfte die Relevanz solcher Rechte aufgrund des Besuchs unserer Webpr\u00e4senz gegen Null gehen.<\/p>\n\n\n\n<h1 class=\"wp-block-heading\">Erhebung und Verarbeitung&nbsp;<br>personenbezogener Daten<\/h1>\n\n\n\n<h2 class=\"wp-block-heading\">Datenverarbeitung<\/h2>\n\n\n\n<p>Personenbezogene Daten werden auf unseren, der reinen Information dienenden Internet-Seiten im \u00dcbrigen nicht erhoben. Dementsprechend findet auch keine Verarbeitung statt, die \u00fcber das hinausgeht, was oben beschrieben wurde.<\/p>\n\n\n\n<p>Die insoweit ma\u00dfgebliche&nbsp;<strong>Datenschutzgrundverordnung (DSGVO)<\/strong>definiert im \u00dcbrigen in&nbsp;<strong>Art. 4&nbsp;Nr. 2<\/strong>&nbsp;den Begriff der Verarbeitung so:<\/p>\n\n\n\n<p>&#8222;[Im Sinne dieser Verordnung bezeichnet der Ausdruck:]<\/p>\n\n\n\n<p>\u201eVerarbeitung\u201c jeden mit oder ohne Hilfe automatisierter Verfahren ausgef\u00fchrten Vorgang oder jede solche Vorgangsreihe im Zusammenhang mit personenbezogenen Daten wie das Erheben, das Erfassen, die Organisation, das Ordnen, die Speicherung, die Anpassung oder Ver\u00e4nderung, das Auslesen, das Abfragen, die Verwendung, die Offenlegung durch \u00dcbermittlung, Verbreitung oder eine andere Form der Bereitstellung, den Abgleich oder die Verkn\u00fcpfung, die Einschr\u00e4nkung, das L\u00f6schen oder die Vernichtung;&#8220;<\/p>\n\n\n\n<h2 class=\"wp-block-heading\">Export und Verarbeitung der Daten in Staaten au\u00dferhalb des Europ\u00e4ischen Wirtschaftsraumes<\/h2>\n\n\n\n<p>Es findet kein Export von Daten in Staaten au\u00dferhalb des EWR statt.<\/p>\n\n\n\n<h1 class=\"wp-block-heading\">Nutzung und Weitergabe&nbsp;<br>personenbezogener Daten<\/h1>\n\n\n\n<p>Die auf unseren Seiten erhobenen personenbezogenen Daten werden allenfalls f\u00fcr Zwecke unserer internen Statistik genutzt. Eine Weitergabe erfolgt nicht.<\/p>\n\n\n\n<h2 class=\"wp-block-heading\">Externe Links<\/h2>\n\n\n\n<p>Zu Ihrer optimalen Information finden Sie auf unseren Seiten Links, die auf Seiten Dritter verweisen. Soweit solche Links nicht offensichtlich als externe Links erkennbar sind, weisen wir Sie darauf hin, dass es sich um einen externen Link handelt. Wir haben keinerlei Einfluss auf den Inhalt und die Gestaltung dieser Seiten anderer Anbieter. Die Garantien dieser Datenschutzerkl\u00e4rung gelten daher selbstverst\u00e4ndlich dort nicht.<\/p>\n","protected":false},"excerpt":{"rendered":"<p>Datenschutzerkl\u00e4rung Verantwortlich f\u00fcr den Datenschutz Verantwortlich f\u00fcr den Datenschutz auf dieser Internetpr\u00e4senz ist\u00a0Ulrike Sandmann.Katzemicher Stra\u00dfe 45 51491 Overath Telefon: 02204-71223E-mail:&nbsp;netzwerk@artenvielfalt-overath.de F\u00fcr Beschwerden zust\u00e4ndige Datenschutzaufsichtsbeh\u00f6rde Die zust\u00e4ndige Landesbeh\u00f6rde ist die\/der Landesbeauftragte f\u00fcr Datenschutz und Informationsfreiheit Nordrhein-Westfalen (www.ldi.nrw.de). &nbsp; (Anonyme) Datenerhebung. Sie k\u00f6nnen die vorliegenden Webseiten grunds\u00e4tzlich besuchen, ohne uns mitzuteilen, wer Sie sind. Automatisch \u00fcbermittelte Informationen. [&hellip;]<\/p>\n","protected":false},"author":1,"featured_media":0,"parent":0,"menu_order":6,"comment_status":"closed","ping_status":"closed","template":"","meta":{"footnotes":""},"class_list":["post-3","page","type-page","status-publish","hentry"],"_links":{"self":[{"href":"https:\/\/artenvielfalt-overath.de\/index.php\/wp-json\/wp\/v2\/pages\/3","targetHints":{"allow":["GET"]}}],"collection":[{"href":"https:\/\/artenvielfalt-overath.de\/index.php\/wp-json\/wp\/v2\/pages"}],"about":[{"href":"https:\/\/artenvielfalt-overath.de\/index.php\/wp-json\/wp\/v2\/types\/page"}],"author":[{"embeddable":true,"href":"https:\/\/artenvielfalt-overath.de\/index.php\/wp-json\/wp\/v2\/users\/1"}],"replies":[{"embeddable":true,"href":"https:\/\/artenvielfalt-overath.de\/index.php\/wp-json\/wp\/v2\/comments?post=3"}],"version-history":[{"count":26,"href":"https:\/\/artenvielfalt-overath.de\/index.php\/wp-json\/wp\/v2\/pages\/3\/revisions"}],"predecessor-version":[{"id":605,"href":"https:\/\/artenvielfalt-overath.de\/index.php\/wp-json\/wp\/v2\/pages\/3\/revisions\/605"}],"wp:attachment":[{"href":"https:\/\/artenvielfalt-overath.de\/index.php\/wp-json\/wp\/v2\/media?parent=3"}],"curies":[{"name":"wp","href":"https:\/\/api.w.org\/{rel}","templated":true}]}}