{"id":67,"date":"2025-04-12T19:41:58","date_gmt":"2025-04-12T17:41:58","guid":{"rendered":"http:\/\/localhost\/?page_id=67"},"modified":"2026-03-01T18:01:48","modified_gmt":"2026-03-01T17:01:48","slug":"links","status":"publish","type":"page","link":"https:\/\/artenvielfalt-overath.de\/index.php\/links\/","title":{"rendered":"Links \/ Partner"},"content":{"rendered":"\n<h1 class=\"wp-block-heading\"><strong>Links<\/strong> <strong>\/ Partner<\/strong><\/h1>\n\n\n\n<p><\/p>\n\n\n\n<p><\/p>\n\n\n\n<div class=\"wp-block-columns is-layout-flex wp-container-core-columns-is-layout-28f84493 wp-block-columns-is-layout-flex\">\n<div class=\"wp-block-column is-layout-flow wp-block-column-is-layout-flow\"><\/div>\n\n\n\n<div class=\"wp-block-column is-layout-flow wp-block-column-is-layout-flow\"><\/div>\n\n\n\n<div class=\"wp-block-column is-layout-flow wp-block-column-is-layout-flow\"><\/div>\n<\/div>\n\n\n\n<div class=\"wp-block-columns is-layout-flex wp-container-core-columns-is-layout-28f84493 wp-block-columns-is-layout-flex\">\n<div class=\"wp-block-column is-layout-flow wp-block-column-is-layout-flow\">\n<figure class=\"wp-block-image size-large\"><a href=\"https:\/\/artenvielfalt-overath.de\/wp-content\/uploads\/2025\/10\/Biologische-Station-Rhein-Berg.pdf\"><img loading=\"lazy\" decoding=\"async\" width=\"1024\" height=\"312\" src=\"https:\/\/artenvielfalt-overath.de\/wp-content\/uploads\/2025\/04\/Vierfleck-gross-09-us-e1746729802774-1024x312.jpg\" alt=\"\" class=\"wp-image-155\" srcset=\"https:\/\/artenvielfalt-overath.de\/wp-content\/uploads\/2025\/04\/Vierfleck-gross-09-us-e1746729802774-1024x312.jpg 1024w, https:\/\/artenvielfalt-overath.de\/wp-content\/uploads\/2025\/04\/Vierfleck-gross-09-us-e1746729802774-300x92.jpg 300w, https:\/\/artenvielfalt-overath.de\/wp-content\/uploads\/2025\/04\/Vierfleck-gross-09-us-e1746729802774-768x234.jpg 768w, https:\/\/artenvielfalt-overath.de\/wp-content\/uploads\/2025\/04\/Vierfleck-gross-09-us-e1746729802774-1536x468.jpg 1536w, https:\/\/artenvielfalt-overath.de\/wp-content\/uploads\/2025\/04\/Vierfleck-gross-09-us-e1746729802774.jpg 1600w\" sizes=\"auto, (max-width: 1024px) 100vw, 1024px\" \/><\/a><\/figure>\n\n\n\n<p><strong>Biologische Station Rhein-Berg<\/strong><\/p>\n<\/div>\n\n\n\n<div class=\"wp-block-column is-layout-flow wp-block-column-is-layout-flow\">\n<figure class=\"wp-block-image size-full\"><a href=\"https:\/\/artenvielfalt-overath.de\/wp-content\/uploads\/2025\/10\/Naturgarten-e.V.pdf\"><img loading=\"lazy\" decoding=\"async\" width=\"630\" height=\"193\" src=\"https:\/\/artenvielfalt-overath.de\/wp-content\/uploads\/2025\/05\/Mittel-IMG_5457-2-e1746728510110.jpeg\" alt=\"\" class=\"wp-image-282\" srcset=\"https:\/\/artenvielfalt-overath.de\/wp-content\/uploads\/2025\/05\/Mittel-IMG_5457-2-e1746728510110.jpeg 630w, https:\/\/artenvielfalt-overath.de\/wp-content\/uploads\/2025\/05\/Mittel-IMG_5457-2-e1746728510110-300x92.jpeg 300w\" sizes=\"auto, (max-width: 630px) 100vw, 630px\" \/><\/a><\/figure>\n\n\n\n<p><strong>Naturgarten e.V.<\/strong><\/p>\n<\/div>\n\n\n\n<div class=\"wp-block-column is-layout-flow wp-block-column-is-layout-flow\">\n<figure class=\"wp-block-image size-large\"><a href=\"https:\/\/artenvielfalt-overath.de\/wp-content\/uploads\/2025\/10\/Kreisverband-NABU-Rhein-Berg.pdf\"><img loading=\"lazy\" decoding=\"async\" width=\"1024\" height=\"311\" src=\"https:\/\/artenvielfalt-overath.de\/wp-content\/uploads\/2025\/06\/IMG_5699-scaled-e1750774383344-1024x311.jpeg\" alt=\"Nabu Rosenbild\" class=\"wp-image-357\" srcset=\"https:\/\/artenvielfalt-overath.de\/wp-content\/uploads\/2025\/06\/IMG_5699-scaled-e1750774383344-1024x311.jpeg 1024w, https:\/\/artenvielfalt-overath.de\/wp-content\/uploads\/2025\/06\/IMG_5699-scaled-e1750774383344-300x91.jpeg 300w, https:\/\/artenvielfalt-overath.de\/wp-content\/uploads\/2025\/06\/IMG_5699-scaled-e1750774383344-768x233.jpeg 768w, https:\/\/artenvielfalt-overath.de\/wp-content\/uploads\/2025\/06\/IMG_5699-scaled-e1750774383344-1536x466.jpeg 1536w, https:\/\/artenvielfalt-overath.de\/wp-content\/uploads\/2025\/06\/IMG_5699-scaled-e1750774383344-2048x622.jpeg 2048w\" sizes=\"auto, (max-width: 1024px) 100vw, 1024px\" \/><\/a><\/figure>\n\n\n\n<p><strong>Kreisverband NABU Rhein-Berg<\/strong><\/p>\n<\/div>\n<\/div>\n\n\n\n<div class=\"wp-block-columns is-layout-flex wp-container-core-columns-is-layout-28f84493 wp-block-columns-is-layout-flex\">\n<div class=\"wp-block-column is-layout-flow wp-block-column-is-layout-flow\"><\/div>\n\n\n\n<div class=\"wp-block-column is-layout-flow wp-block-column-is-layout-flow\"><\/div>\n<\/div>\n\n\n\n<div class=\"wp-block-columns is-layout-flex wp-container-core-columns-is-layout-28f84493 wp-block-columns-is-layout-flex\">\n<div class=\"wp-block-column is-layout-flow wp-block-column-is-layout-flow\">\n<figure class=\"wp-block-image size-large\"><a href=\"https:\/\/artenvielfalt-overath.de\/wp-content\/uploads\/2025\/10\/Rheinisch-Bergischer-Naturschutzverein.pdf\"><img loading=\"lazy\" decoding=\"async\" width=\"1024\" height=\"460\" src=\"https:\/\/artenvielfalt-overath.de\/wp-content\/uploads\/2025\/06\/RBN-Gebaeude-Fruhsommer-2023-scaled-e1750018185631-1024x460.jpg\" alt=\"RBN Foto\" class=\"wp-image-341\"\/><\/a><\/figure>\n\n\n\n<p><strong>Rheinisch-Bergischer Naturschutzverein (RBN)<\/strong><\/p>\n<\/div>\n\n\n\n<div class=\"wp-block-column is-layout-flow wp-block-column-is-layout-flow\">\n<figure class=\"wp-block-image size-large\"><a href=\"https:\/\/artenvielfalt-overath.de\/wp-content\/uploads\/2025\/10\/Kreisgruppe-BUND.pdf\"><img loading=\"lazy\" decoding=\"async\" width=\"1024\" height=\"341\" src=\"https:\/\/artenvielfalt-overath.de\/wp-content\/uploads\/2025\/06\/Foto-BUND-e1750662731999-1024x341.jpg\" alt=\"\" class=\"wp-image-347\" srcset=\"https:\/\/artenvielfalt-overath.de\/wp-content\/uploads\/2025\/06\/Foto-BUND-e1750662731999-1024x341.jpg 1024w, https:\/\/artenvielfalt-overath.de\/wp-content\/uploads\/2025\/06\/Foto-BUND-e1750662731999-300x100.jpg 300w, https:\/\/artenvielfalt-overath.de\/wp-content\/uploads\/2025\/06\/Foto-BUND-e1750662731999-768x256.jpg 768w, https:\/\/artenvielfalt-overath.de\/wp-content\/uploads\/2025\/06\/Foto-BUND-e1750662731999-1536x512.jpg 1536w, https:\/\/artenvielfalt-overath.de\/wp-content\/uploads\/2025\/06\/Foto-BUND-e1750662731999.jpg 1630w\" sizes=\"auto, (max-width: 1024px) 100vw, 1024px\" \/><\/a><\/figure>\n\n\n\n<p><strong>Kreisgruppe BUND<\/strong><\/p>\n<\/div>\n\n\n\n<div class=\"wp-block-column is-layout-flow wp-block-column-is-layout-flow\">\n<figure class=\"wp-block-image size-large\"><a href=\"https:\/\/artenvielfalt-overath.de\/wp-content\/uploads\/2025\/10\/Herkulex-Team.pdf\"><img loading=\"lazy\" decoding=\"async\" width=\"1024\" height=\"323\" src=\"https:\/\/artenvielfalt-overath.de\/wp-content\/uploads\/2025\/07\/IMG-20220627-WA00011-1024x323.jpg\" alt=\"\" class=\"wp-image-383\" srcset=\"https:\/\/artenvielfalt-overath.de\/wp-content\/uploads\/2025\/07\/IMG-20220627-WA00011-1024x323.jpg 1024w, https:\/\/artenvielfalt-overath.de\/wp-content\/uploads\/2025\/07\/IMG-20220627-WA00011-300x95.jpg 300w, https:\/\/artenvielfalt-overath.de\/wp-content\/uploads\/2025\/07\/IMG-20220627-WA00011-768x242.jpg 768w, https:\/\/artenvielfalt-overath.de\/wp-content\/uploads\/2025\/07\/IMG-20220627-WA00011-1536x484.jpg 1536w, https:\/\/artenvielfalt-overath.de\/wp-content\/uploads\/2025\/07\/IMG-20220627-WA00011-2048x646.jpg 2048w\" sizes=\"auto, (max-width: 1024px) 100vw, 1024px\" \/><\/a><\/figure>\n\n\n\n<p><strong>Herkulex-Team Overath<\/strong><\/p>\n<\/div>\n<\/div>\n\n\n\n<p><\/p>\n\n\n\n<div class=\"wp-block-columns is-layout-flex wp-container-core-columns-is-layout-28f84493 wp-block-columns-is-layout-flex\">\n<div class=\"wp-block-column is-layout-flow wp-block-column-is-layout-flow\">\n<div class=\"wp-block-columns is-layout-flex wp-container-core-columns-is-layout-28f84493 wp-block-columns-is-layout-flex\">\n<div class=\"wp-block-column is-layout-flow wp-block-column-is-layout-flow\">\n<figure class=\"wp-block-image size-full\"><a href=\"https:\/\/artenvielfalt-overath.de\/wp-content\/uploads\/2025\/10\/Wildes-Lernen.pdf\"><img loading=\"lazy\" decoding=\"async\" width=\"1600\" height=\"488\" src=\"https:\/\/artenvielfalt-overath.de\/wp-content\/uploads\/2025\/07\/IMG_0164-e1751399567365.jpeg\" alt=\"\" class=\"wp-image-380\" srcset=\"https:\/\/artenvielfalt-overath.de\/wp-content\/uploads\/2025\/07\/IMG_0164-e1751399567365.jpeg 1600w, https:\/\/artenvielfalt-overath.de\/wp-content\/uploads\/2025\/07\/IMG_0164-e1751399567365-300x92.jpeg 300w, https:\/\/artenvielfalt-overath.de\/wp-content\/uploads\/2025\/07\/IMG_0164-e1751399567365-1024x312.jpeg 1024w, https:\/\/artenvielfalt-overath.de\/wp-content\/uploads\/2025\/07\/IMG_0164-e1751399567365-768x234.jpeg 768w, https:\/\/artenvielfalt-overath.de\/wp-content\/uploads\/2025\/07\/IMG_0164-e1751399567365-1536x468.jpeg 1536w\" sizes=\"auto, (max-width: 1600px) 100vw, 1600px\" \/><\/a><\/figure>\n\n\n\n<p><strong>Wildes Lernen e.V.<\/strong><\/p>\n<\/div>\n\n\n\n<div class=\"wp-block-column is-layout-flow wp-block-column-is-layout-flow\">\n<figure class=\"wp-block-image size-full\"><a href=\"https:\/\/artenvielfalt-overath.de\/wp-content\/uploads\/2025\/10\/BICK.pdf\"><img loading=\"lazy\" decoding=\"async\" width=\"1600\" height=\"488\" src=\"https:\/\/artenvielfalt-overath.de\/wp-content\/uploads\/2025\/07\/BiCK_-Forscherbeet-zugeschnitten-scaled-e1751911121149.jpg\" alt=\"\" class=\"wp-image-389\" srcset=\"https:\/\/artenvielfalt-overath.de\/wp-content\/uploads\/2025\/07\/BiCK_-Forscherbeet-zugeschnitten-scaled-e1751911121149.jpg 1600w, https:\/\/artenvielfalt-overath.de\/wp-content\/uploads\/2025\/07\/BiCK_-Forscherbeet-zugeschnitten-scaled-e1751911121149-300x92.jpg 300w, https:\/\/artenvielfalt-overath.de\/wp-content\/uploads\/2025\/07\/BiCK_-Forscherbeet-zugeschnitten-scaled-e1751911121149-1024x312.jpg 1024w, https:\/\/artenvielfalt-overath.de\/wp-content\/uploads\/2025\/07\/BiCK_-Forscherbeet-zugeschnitten-scaled-e1751911121149-768x234.jpg 768w, https:\/\/artenvielfalt-overath.de\/wp-content\/uploads\/2025\/07\/BiCK_-Forscherbeet-zugeschnitten-scaled-e1751911121149-1536x468.jpg 1536w\" sizes=\"auto, (max-width: 1600px) 100vw, 1600px\" \/><\/a><\/figure>\n\n\n\n<p><strong>Bick-Artenschutz auf kirchlichen Fl\u00e4chen<\/strong><\/p>\n<\/div>\n\n\n\n<div class=\"wp-block-column is-layout-flow wp-block-column-is-layout-flow\">\n<figure class=\"wp-block-image size-large\"><a href=\"https:\/\/artenvielfalt-overath.de\/wp-content\/uploads\/2026\/03\/Wildwiesengruppe-Naturfreunde-Steinacker.pdf\"><img loading=\"lazy\" decoding=\"async\" width=\"1024\" height=\"343\" src=\"https:\/\/artenvielfalt-overath.de\/wp-content\/uploads\/2026\/03\/Wildwiese-mit-Obstbaeumen-am-Steinacker-scaled-e1772383615345-1024x343.jpg\" alt=\"\" class=\"wp-image-565\" style=\"aspect-ratio:2.9855387964546725\" srcset=\"https:\/\/artenvielfalt-overath.de\/wp-content\/uploads\/2026\/03\/Wildwiese-mit-Obstbaeumen-am-Steinacker-scaled-e1772383615345-1024x343.jpg 1024w, https:\/\/artenvielfalt-overath.de\/wp-content\/uploads\/2026\/03\/Wildwiese-mit-Obstbaeumen-am-Steinacker-scaled-e1772383615345-300x100.jpg 300w, https:\/\/artenvielfalt-overath.de\/wp-content\/uploads\/2026\/03\/Wildwiese-mit-Obstbaeumen-am-Steinacker-scaled-e1772383615345-768x257.jpg 768w, https:\/\/artenvielfalt-overath.de\/wp-content\/uploads\/2026\/03\/Wildwiese-mit-Obstbaeumen-am-Steinacker-scaled-e1772383615345-1536x514.jpg 1536w, https:\/\/artenvielfalt-overath.de\/wp-content\/uploads\/2026\/03\/Wildwiese-mit-Obstbaeumen-am-Steinacker-scaled-e1772383615345.jpg 2032w\" sizes=\"auto, (max-width: 1024px) 100vw, 1024px\" \/><\/a><\/figure>\n\n\n\n<p><strong>Wildwiesengruppe Naturfreunde Steinacker<\/strong><\/p>\n<\/div>\n<\/div>\n<\/div>\n<\/div>\n\n\n\n<p><\/p>\n\n\n\n<div class=\"wp-block-columns is-layout-flex wp-container-core-columns-is-layout-28f84493 wp-block-columns-is-layout-flex\">\n<div class=\"wp-block-column is-layout-flow wp-block-column-is-layout-flow\">\n<figure class=\"wp-block-image size-full is-resized\"><a href=\"https:\/\/artenvielfalt-overath.de\/wp-content\/uploads\/2025\/10\/Kita-St.-Walburga.pdf\"><img loading=\"lazy\" decoding=\"async\" width=\"322\" height=\"299\" src=\"https:\/\/artenvielfalt-overath.de\/wp-content\/uploads\/2025\/09\/Kita-St.-Walburga_02-e1758437347921.png\" alt=\"\" class=\"wp-image-423\" style=\"width:204px;height:auto\" srcset=\"https:\/\/artenvielfalt-overath.de\/wp-content\/uploads\/2025\/09\/Kita-St.-Walburga_02-e1758437347921.png 322w, https:\/\/artenvielfalt-overath.de\/wp-content\/uploads\/2025\/09\/Kita-St.-Walburga_02-e1758437347921-300x279.png 300w\" sizes=\"auto, (max-width: 322px) 100vw, 322px\" \/><\/a><\/figure>\n\n\n\n<p><strong>Kita St.Walburga<\/strong><\/p>\n<\/div>\n\n\n\n<div class=\"wp-block-column is-layout-flow wp-block-column-is-layout-flow\">\n<figure class=\"wp-block-image size-large\"><a href=\"https:\/\/artenvielfalt-overath.de\/wp-content\/uploads\/2025\/10\/Kindergemeinschaft-Suelztal.pdf\"><img loading=\"lazy\" decoding=\"async\" width=\"1024\" height=\"665\" src=\"https:\/\/artenvielfalt-overath.de\/wp-content\/uploads\/2025\/09\/IMG_0611-1024x665.jpg\" alt=\"\" class=\"wp-image-429\"\/><\/a><\/figure>\n\n\n\n<p><strong>Kindergemeinschaft S\u00fclztal e.V.<\/strong><\/p>\n<\/div>\n\n\n\n<div class=\"wp-block-column is-layout-flow wp-block-column-is-layout-flow\">\n<figure class=\"wp-block-image size-full is-resized\"><a href=\"https:\/\/artenvielfalt-overath.de\/wp-content\/uploads\/2026\/01\/Grundschule-Heiligenhaus.pdf\"><img loading=\"lazy\" decoding=\"async\" width=\"633\" height=\"448\" src=\"https:\/\/artenvielfalt-overath.de\/wp-content\/uploads\/2026\/01\/Logo-Grundschule-Heiligenhaus.png\" alt=\"\" class=\"wp-image-551\" style=\"aspect-ratio:1.4130114807182808;width:278px;height:auto\" srcset=\"https:\/\/artenvielfalt-overath.de\/wp-content\/uploads\/2026\/01\/Logo-Grundschule-Heiligenhaus.png 633w, https:\/\/artenvielfalt-overath.de\/wp-content\/uploads\/2026\/01\/Logo-Grundschule-Heiligenhaus-300x212.png 300w\" sizes=\"auto, (max-width: 633px) 100vw, 633px\" \/><\/a><\/figure>\n\n\n\n<p class=\"has-text-align-center\"><strong>Grundschule Heiligenhaus<\/strong><\/p>\n<\/div>\n<\/div>\n\n\n\n<p><\/p>\n\n\n\n<div class=\"wp-block-columns is-layout-flex wp-container-core-columns-is-layout-28f84493 wp-block-columns-is-layout-flex\">\n<div class=\"wp-block-column is-layout-flow wp-block-column-is-layout-flow\"><\/div>\n\n\n\n<div class=\"wp-block-column is-layout-flow wp-block-column-is-layout-flow\"><\/div>\n<\/div>\n\n\n\n<div class=\"wp-block-columns is-layout-flex wp-container-core-columns-is-layout-28f84493 wp-block-columns-is-layout-flex\">\n<div class=\"wp-block-column is-layout-flow wp-block-column-is-layout-flow\">\n<figure class=\"wp-block-image size-full is-resized\"><a href=\"https:\/\/artenvielfalt-overath.de\/wp-content\/uploads\/2025\/10\/GGS-Suelztal.pdf\"><img loading=\"lazy\" decoding=\"async\" width=\"138\" height=\"138\" src=\"https:\/\/artenvielfalt-overath.de\/wp-content\/uploads\/2025\/09\/Logo_GGS-Suelztal-02.jpg\" alt=\"\" class=\"wp-image-416\" style=\"width:194px;height:auto\"\/><\/a><\/figure>\n\n\n\n<p><strong>GGS S\u00fclztal<\/strong><\/p>\n<\/div>\n\n\n\n<div class=\"wp-block-column is-layout-flow wp-block-column-is-layout-flow\">\n<figure class=\"wp-block-image size-full is-resized\"><a href=\"https:\/\/artenvielfalt-overath.de\/wp-content\/uploads\/2025\/11\/Heimat-und-Buergerverein-Overath.pdf\"><img loading=\"lazy\" decoding=\"async\" width=\"315\" height=\"315\" src=\"https:\/\/artenvielfalt-overath.de\/wp-content\/uploads\/2025\/11\/hbv-logo.jpg\" alt=\"\" class=\"wp-image-489\" style=\"width:192px;height:auto\" srcset=\"https:\/\/artenvielfalt-overath.de\/wp-content\/uploads\/2025\/11\/hbv-logo.jpg 315w, https:\/\/artenvielfalt-overath.de\/wp-content\/uploads\/2025\/11\/hbv-logo-300x300.jpg 300w, https:\/\/artenvielfalt-overath.de\/wp-content\/uploads\/2025\/11\/hbv-logo-150x150.jpg 150w\" sizes=\"auto, (max-width: 315px) 100vw, 315px\" \/><\/a><\/figure>\n\n\n\n<p><strong>Heimat- und B\u00fcrgerverein Overath e.<\/strong>V.<\/p>\n<\/div>\n\n\n\n<div class=\"wp-block-column is-layout-flow wp-block-column-is-layout-flow\">\n<figure class=\"wp-block-image aligncenter size-full\"><a href=\"https:\/\/artenvielfalt-overath.de\/wp-content\/uploads\/2025\/12\/VHS.pdf\"><img loading=\"lazy\" decoding=\"async\" width=\"480\" height=\"78\" src=\"https:\/\/artenvielfalt-overath.de\/wp-content\/uploads\/2025\/12\/Logo_vhsor.jpg\" alt=\"\" class=\"wp-image-524\" srcset=\"https:\/\/artenvielfalt-overath.de\/wp-content\/uploads\/2025\/12\/Logo_vhsor.jpg 480w, https:\/\/artenvielfalt-overath.de\/wp-content\/uploads\/2025\/12\/Logo_vhsor-300x49.jpg 300w\" sizes=\"auto, (max-width: 480px) 100vw, 480px\" \/><\/a><\/figure>\n\n\n\n<p><\/p>\n\n\n\n<p><strong>vhs Overath &amp; R\u00f6srath<\/strong><\/p>\n\n\n\n<p><\/p>\n<\/div>\n<\/div>\n\n\n\n<div class=\"wp-block-columns is-layout-flex wp-container-core-columns-is-layout-28f84493 wp-block-columns-is-layout-flex\">\n<div class=\"wp-block-column is-layout-flow wp-block-column-is-layout-flow\"><\/div>\n<\/div>\n\n\n\n<div class=\"wp-block-columns is-layout-flex wp-container-core-columns-is-layout-28f84493 wp-block-columns-is-layout-flex\">\n<div class=\"wp-block-column is-layout-flow wp-block-column-is-layout-flow\">\n<figure class=\"wp-block-image size-full\"><a href=\"https:\/\/artenvielfalt-overath.de\/wp-content\/uploads\/2026\/01\/ZWAR-Overath.pdf\"><img loading=\"lazy\" decoding=\"async\" width=\"169\" height=\"184\" src=\"https:\/\/artenvielfalt-overath.de\/wp-content\/uploads\/2026\/01\/Logo-Zwar.png\" alt=\"\" class=\"wp-image-531\"\/><\/a><\/figure>\n\n\n\n<p><strong>Zwar &#8211; Zwischen Arbeit und Ruhestand<\/strong><\/p>\n<\/div>\n\n\n\n<div class=\"wp-block-column is-layout-flow wp-block-column-is-layout-flow\"><\/div>\n\n\n\n<div class=\"wp-block-column is-layout-flow wp-block-column-is-layout-flow\"><\/div>\n<\/div>\n\n\n\n<p><\/p>\n\n\n\n<p><\/p>\n","protected":false},"excerpt":{"rendered":"<p>Links \/ Partner Biologische Station Rhein-Berg Naturgarten e.V. Kreisverband NABU Rhein-Berg Rheinisch-Bergischer Naturschutzverein (RBN) Kreisgruppe BUND Herkulex-Team Overath Wildes Lernen e.V. Bick-Artenschutz auf kirchlichen Fl\u00e4chen Wildwiesengruppe Naturfreunde Steinacker Kita St.Walburga Kindergemeinschaft S\u00fclztal e.V. Grundschule Heiligenhaus GGS S\u00fclztal Heimat- und B\u00fcrgerverein Overath e.V. vhs Overath &amp; R\u00f6srath Zwar &#8211; Zwischen Arbeit und Ruhestand<\/p>\n","protected":false},"author":1,"featured_media":0,"parent":0,"menu_order":4,"comment_status":"closed","ping_status":"closed","template":"","meta":{"footnotes":""},"class_list":["post-67","page","type-page","status-publish","hentry"],"_links":{"self":[{"href":"https:\/\/artenvielfalt-overath.de\/index.php\/wp-json\/wp\/v2\/pages\/67","targetHints":{"allow":["GET"]}}],"collection":[{"href":"https:\/\/artenvielfalt-overath.de\/index.php\/wp-json\/wp\/v2\/pages"}],"about":[{"href":"https:\/\/artenvielfalt-overath.de\/index.php\/wp-json\/wp\/v2\/types\/page"}],"author":[{"embeddable":true,"href":"https:\/\/artenvielfalt-overath.de\/index.php\/wp-json\/wp\/v2\/users\/1"}],"replies":[{"embeddable":true,"href":"https:\/\/artenvielfalt-overath.de\/index.php\/wp-json\/wp\/v2\/comments?post=67"}],"version-history":[{"count":71,"href":"https:\/\/artenvielfalt-overath.de\/index.php\/wp-json\/wp\/v2\/pages\/67\/revisions"}],"predecessor-version":[{"id":571,"href":"https:\/\/artenvielfalt-overath.de\/index.php\/wp-json\/wp\/v2\/pages\/67\/revisions\/571"}],"wp:attachment":[{"href":"https:\/\/artenvielfalt-overath.de\/index.php\/wp-json\/wp\/v2\/media?parent=67"}],"curies":[{"name":"wp","href":"https:\/\/api.w.org\/{rel}","templated":true}]}}